{"id":95,"date":"2018-04-24T00:07:44","date_gmt":"2018-04-23T22:07:44","guid":{"rendered":"http:\/\/pneumologie-badtoelz.de\/?page_id=95"},"modified":"2018-04-24T00:07:44","modified_gmt":"2018-04-23T22:07:44","slug":"impressum","status":"publish","type":"page","link":"https:\/\/pneumologie-badtoelz.de\/?page_id=95","title":{"rendered":"Impressum"},"content":{"rendered":"<div class=\"textwidget\"><b>Gesetzliche Berufsbezeichnung:<\/b> Arzt<br \/>\n<b>Staat:<\/b> Bundesrepublik Deutschland<br \/>\n<b>\u00c4rztekammer:<\/b> Bayerische Landes\u00e4rztekammer, M\u00fchlbauerstr. 16, 81677 M\u00fcnchen, <a href=\"http:\/\/www.blaek.de\">www.blaek.de<\/a><br \/>\n<b>Aufsichtsbeh\u00f6rde:<\/b> Kassen\u00e4rztliche Vereinigung Bayern, Eisenheimerstr. 39, 80687 M\u00fcnchen, <a href=\"http:\/\/www.kvb.de\">www.kvb.de<\/a><\/p>\n<p><strong>Inhaltlich verantwortlich:<\/strong> Dr. Sven B\u00f6hlandt, Gai\u00dfacherstr. 3, 83646 Bad Toelz, Tel.: <a href=\"tel:+49080412586\">+49 (0)8041 2586<\/a><br \/>\nFax: 08041\/1793<\/p>\n<p><strong>Bei technischen Fragen zur Webseite:<\/strong> <a href=\"mailto:mb@corporatecreation.de\">mb@corporatecreation.de<\/a><\/div>\n","protected":false},"excerpt":{"rendered":"<p>Gesetzliche Berufsbezeichnung: Arzt Staat: Bundesrepublik Deutschland \u00c4rztekammer: Bayerische Landes\u00e4rztekammer, M\u00fchlbauerstr. 16, 81677 M\u00fcnchen, www.blaek.de Aufsichtsbeh\u00f6rde: Kassen\u00e4rztliche Vereinigung Bayern, Eisenheimerstr. 39, 80687 M\u00fcnchen, www.kvb.de Inhaltlich verantwortlich: Dr. Sven B\u00f6hlandt, Gai\u00dfacherstr. 3, 83646 Bad Toelz, Tel.: +49 (0)8041 2586 Fax: 08041\/1793 Bei technischen Fragen zur Webseite: mb@corporatecreation.de<\/p>\n","protected":false},"author":1,"featured_media":0,"parent":0,"menu_order":0,"comment_status":"closed","ping_status":"closed","template":"","meta":{"footnotes":""},"class_list":["post-95","page","type-page","status-publish","hentry"],"_links":{"self":[{"href":"https:\/\/pneumologie-badtoelz.de\/index.php?rest_route=\/wp\/v2\/pages\/95","targetHints":{"allow":["GET"]}}],"collection":[{"href":"https:\/\/pneumologie-badtoelz.de\/index.php?rest_route=\/wp\/v2\/pages"}],"about":[{"href":"https:\/\/pneumologie-badtoelz.de\/index.php?rest_route=\/wp\/v2\/types\/page"}],"author":[{"embeddable":true,"href":"https:\/\/pneumologie-badtoelz.de\/index.php?rest_route=\/wp\/v2\/users\/1"}],"replies":[{"embeddable":true,"href":"https:\/\/pneumologie-badtoelz.de\/index.php?rest_route=%2Fwp%2Fv2%2Fcomments&post=95"}],"version-history":[{"count":1,"href":"https:\/\/pneumologie-badtoelz.de\/index.php?rest_route=\/wp\/v2\/pages\/95\/revisions"}],"predecessor-version":[{"id":96,"href":"https:\/\/pneumologie-badtoelz.de\/index.php?rest_route=\/wp\/v2\/pages\/95\/revisions\/96"}],"wp:attachment":[{"href":"https:\/\/pneumologie-badtoelz.de\/index.php?rest_route=%2Fwp%2Fv2%2Fmedia&parent=95"}],"curies":[{"name":"wp","href":"https:\/\/api.w.org\/{rel}","templated":true}]}}